 = 15, 4*k = -3*z + 11 + 8. Let a be (0/k)/(1 + 3 + -5). List the prime factors of (-2)/(-1 + 3)*(-101 - a).
101
Let y = -3989 - -13085. What are the prime factors of y?
2, 3, 379
Let o = -917 - -2260. What are the prime factors of o?
17, 79
List the prime factors of -16*(-1167*9/12 - -3) + -5.
7, 1993
Let m(n) = 2*n**2 - 65*n - 1161. List the prime factors of m(74).
17, 293
Suppose 0 = -148*x + 1729829 - 515933. List the prime factors of x.
2, 3, 1367
Let q(z) = 2591*z + 129. What are the prime factors of q(5)?
2, 3271
Suppose 3934 + 75885 = 35*v - 326461. What are the prime factors of v?
2, 1451
Let z(x) = -x**2 + 26*x - 139. Let p be z(8). Suppose p*t = 2*y + 2490, -33*y + 36*y = -2*t + 996. What are the prime factors of t?
2, 3, 83
List the prime factors of (-34 - -27)*(-9934)/7.
2, 4967
Let q = -4646 + 14467. What are the prime factors of q?
7, 23, 61
Let z be (1/((-8)/(-24)))/(6/4). Let f(r) = 2*r**z - 3 + 26*r - 16*r + 9*r**2 - 13*r. List the prime factors of f(3).
3, 29
Suppose -108*o - 1691476 = -5670628. List the prime factors of o.
2, 61, 151
What are the prime factors of 136/(-119)*(-1150576)/32?
2, 10273
Suppose -10*t - 4*t + 315761 = 5*t. What are the prime factors of t?
16619
Let o = 39172 - 21272. What are the prime factors of o?
2, 5, 179
Let u be 48/20 - 12/30. Suppose 17*o + 2970 = 20*o - r, -1991 = -u*o - 3*r. List the prime factors of o.
991
Let j(a) = -7*a - 45. Let o be j(-6). List the prime factors of 519*1/o*-2.
2, 173
Let y be 3/2 + (5 - (-2874)/4). Suppose -p + 4*l - l = -y, -2*p = l - 1485. What are the prime factors of p?
2, 5, 37
Let p = -9370 + 9400. List the prime factors of p.
2, 3, 5
Let l(j) = j**3 - 77*j**2 + 93*j + 360. What are the prime factors of l(76)?
2, 7, 59
Let q(g) = -78*g - 1628. What are the prime factors of q(-85)?
2, 41, 61
List the prime factors of 23142 - (1/(-8) - (-2 + 372/96)).
2, 11, 263
Suppose 10 + 2 = -3*r, 0 = p + 3*r - 369. Suppose 10*b - p - 909 = 0. What are the prime factors of b?
3, 43
Suppose -5*z - 5*c = -3755, 4*z - 12*c - 2940 = -8*c. What are the prime factors of z?
743
Let z(d) = -6*d**2 - 19*d + 52. Let o(l) = 5*l**2 + 18*l - 51. Let m(a) = -7*o(a) - 6*z(a). What are the prime factors of m(18)?
3, 17
Let w be (-4 - -5) + 1/(-1). Let f(n) = 4*n + 1. Let t be f(w). Suppose b - 4 = -t, -4*v + 5*b + 197 = 0. What are the prime factors of v?
53
List the prime factors of 3 + -9 - (-16 + 283346)/(-10).
13, 2179
Let z be ((-2)/8)/(5/(-260)). Suppose z + 15 = 4*t - 4*o, 0 = -t - 5*o - 23. List the prime factors of t/14 + 1/14*2266.
2, 3
Let l(t) = 46*t + 1451. Let y(w) = -9*w - 290. Let b(k) = -4*l(k) - 22*y(k). List the prime factors of b(0).
2, 3
Suppose 5516*v + 25242 = 5519*v. List the prime factors of v.
2, 7, 601
Suppose -2*p - 17603 = 3*z - 106774, -z - 3*p = -29726. What are the prime factors of z?
29723
Let j(s) = -s**2 + 15*s - 52. Let n be j(7). Suppose -660 = -n*y + 4*m, 2*m - 3*m + 813 = 5*y. List the prime factors of y.
163
Suppose -11 - 9 = 4*z + 2*q, 5*q + 26 = -4*z. List the prime factors of (-2 + -3)*-68 + z.
2, 3, 7
Suppose 3 = -x, 35 - 47 = -5*l - x. Suppose j - l = 0, -4*a + 5*j + 79 = -462. What are the prime factors of a?
139
Let x(v) = 12*v - 11. Let t be x(1). What are the prime factors of ((-3)/(-9))/(t - (-2366)/(-2367))?
3, 263
Suppose k = 18 - 25. Let y(w) = -28*w - 20. What are the prime factors of y(k)?
2, 11
Let p be (-2)/(4 + 27/(-6)). Suppose 2*i = 3*t + 9 + 28, -3*i + p*t = -53. Suppose 17*y - i*y = 492. List the prime factors of y.
2, 41
Let z be (4 - 0) + 0 + 4*3. Suppose -z*y - y + 170 = 0. List the prime factors of y.
2, 5
List the prime factors of (-4042)/517 + (9 - 1) + 178920/33.
2, 2711
Let y be 7615/25 + (-1 - (-7)/5). Let r = y + -219. List the prime factors of r.
2, 43
Let q = 42 - 41. Let f be (41 + -14)/((-1)/q). List the prime factors of ((1 + 0)/3)/((-3)/f).
3
Let h be 8*1 - 92/(-23). Let f be 3/(-12) - 3/(h/(-2429)). Let x = -396 + f. What are the prime factors of x?
211
Let d(b) = 475*b + 2014. List the prime factors of d(46).
2, 19, 157
Let c = 385 + -355. List the prime factors of (-2*5/c)/((-1)/750).
2, 5
Suppose 2*r + 1100763 = 61*r. Suppose 857 = -20*s + r. List the prime factors of s.
2, 5, 89
Suppose 4*x + 5*k = 11838 + 4466, 5*x - 20343 = 3*k. List the prime factors of x.
3, 23, 59
Let s(m) = 5*m**2 - 114*m - 560. List the prime factors of s(-71).
3, 7, 1559
Let y be 0 + -4 + 4 + 1. Let a be (-3)/12*y - 12426/(-8). Suppose a = 9*j + 608. List the prime factors of j.
3, 5, 7
Suppose 5*r + 4*w - 11594 + 2108 = 0, 4*w - 7592 = -4*r. Let t = r - 1220. List the prime factors of t.
2, 337
Let y be 9/15 + 3 + (-5652)/20. List the prime factors of (-208320)/y + 1/3 + -1.
2, 373
Suppose 21*u + 966 = 45612. List the prime factors of u.
2, 1063
Let u be 15*((-9)/12)/((-2)/(-8)). Let k = u - -47. What are the prime factors of (-1094)/(-10) + k/(-5) + 2?
3, 37
Suppose 412113 = 100*w - 61*w. What are the prime factors of w?
10567
List the prime factors of ((-59)/(-3127)*53)/(1 - (-65450)/(-65452)).
2, 16363
Let w = -43 - -39. Let n(v) = -4*v - 11. Let y be n(w). Suppose y*q = 10*q - 55. List the prime factors of q.
11
Let r = -71 + 72. Suppose -3*i - c = -44, -i + 4*c + r = -5. Suppose -i*l + 8*l + 168 = 0. List the prime factors of l.
2, 7
List the prime factors of 3/(-66) - (-19608390)/220.
19, 4691
Let u = 369 + 241. Suppose -4*c = n - 742 + 128, n + 3*c = u. What are the prime factors of n?
2, 13, 23
Let b(g) be the third derivative of -5*g**4/12 - 61*g**3/6 + 10*g**2 - 3*g. List the prime factors of b(-25).
3, 7
Suppose 3*u - 12 = 0, 5*b + 0*u - 34 = -u. List the prime factors of (796/b)/(21/63).
2, 199
Let b(w) = w**3 - 9*w**2 + 19*w - 2. Let i be b(6). Suppose -5*o - 3*h + 29 = 0, -h + 3*h = i*o - 10. Suppose 14 = 6*q - o. What are the prime factors of q?
3
Let u be 2*(164/(-20))/(6/(-15)). Let i = 50 - u. What are the prime factors of 1555/15 - (-3)/i?
2, 13
Let o = 59 - 47. Let u = 22 + o. Let r = u + -10. List the prime factors of r.
2, 3
Let s(d) = -2*d**3 - 282*d**2 + 42*d + 1. What are the prime factors of s(-142)?
3, 5, 29, 79
Let r(f) = 6*f**2 - 31*f + 6. Let s(g) = -g**2 - 1. Let c(q) = -r(q) - 5*s(q). Let m be c(24). Let x = m + -50. What are the prime factors of x?
3, 13
Let v(l) = l**3 + 11 + 35*l + 9 + 0 - 6 + 19*l**2. Let j be v(-17). What are the prime factors of 2 + ((-108)/(-1) - j)?
113
Suppose -360 = 25*t + 11*t. What are the prime factors of (596/t)/((-4)/(-20)*-1)?
2, 149
Suppose -5*m + 4*i = 9*i - 283195, 3*m = -4*i + 169923. What are the prime factors of m?
56633
List the prime factors of 318/4 - 71/(-142).
2, 5
Suppose -u = -2*u + 6. Let h = 13 + -9. List the prime factors of 2/h - (-591)/u.
3, 11
Suppose f - 4*b = 157 + 32, -756 = -4*f + 3*b. Suppose 4*p = 3*o - f, 63 = o + 7*p - 4*p. List the prime factors of o.
3, 7
Suppose 215 = 57*j - 70. Suppose 2*l + 0*h - 3*h - 2423 = 0, -j*h = 5*l - 6070. What are the prime factors of l?
1213
Suppose -10*a + 15*a = 20. Suppose 8 = 3*j - a*x - 1803, -2394 = -4*j - 5*x. Suppose -j = -9*q - 16. What are the prime factors of q?
5, 13
Let m = 151901 + -75678. List the prime factors of m.
7, 10889
Suppose 558 = -8*g + 6894. Let x = 246 + g. List the prime factors of x.
2, 3, 173
Let q = 144 - 139. Suppose -6*b + 4*k = -8*b + 1362, 20 = q*k. List the prime factors of b.
673
Let v(g) = -3*g**3 + 4*g**2 + 13*g - 4. What are the prime factors of v(-6)?
2, 5, 71
Let t(i) be the third derivative of -i**6/120 - 7*i**5/20 - 13*i**4/12 - 41*i**3/3 - 65*i**2. What are the prime factors of t(-20)?
2, 19
Let v(o) = -18*o**2 + 18*o + 6. Let h(p) = 186*p**2 - 180*p - 60. Let t(i) = -2*h(i) - 21*v(i). List the prime factors of t(14).
2, 3, 17
Let a be ((-18)/7 + 2)/(1/(-7)). What are the prime factors of ((-4)/(-16)*-26 + a)*-80?
2, 5
Let z = -1014 + 1481. Let j = 714 - z. What are the prime factors of j?
13, 19
Let l = -1423 - -5261. What are the prime factors of l?
2, 19, 101
Let n(w) = 2*w**2 - 34*w - 84. What are the prime factors of n(68)?
2, 3, 571
Let b(d) = -35*d + 1043. Let g be b(29). Let a be (-1)/1 + 6/2. Suppose -a*l + g = -74. List the prime factors of l.
3, 17
Let c = 9503 + -3994. What are the prime factors of c?
7, 787
Let s = 33 - 1. Let d = 110 - s. List the pr